e p(0). Give w(v).
14
Suppose -3 = -c + 1, -10 = n - 5*c. Let o be n/(-45) + 50/(-18). Let v(i) = -4 + 6*i**2 - 3*i**2 - 4*i**2 - 5*i. Calculate v(o).
2
Let m(z) = z**2 - 11*z + 8. Let b be m(0). Let n(l) = 4*l - 27. What is n(b)?
5
Let g be (-4)/(-30) + 10392/360. Suppose -5*i + 1 = -g. Let s(h) = -h**3 + 7*h**2 - 8*h - 1. Determine s(i).
-13
Let x(f) be the third derivative of f**6/120 + 3*f**5/20 + f**4/2 + 31*f**3/6 - f**2 - 391*f. Give x(-8).
-1
Let g be -6 - -1 - 1 - (-191 + 188). Let w(i) = -3*i**2 - 2*i - 3. Calculate w(g).
-24
Let z = 1587 + -1584. Let x(y) be the second derivative of 1/6*y**z + 0 - 10*y - 3/2*y**2. What is x(-5)?
-8
Suppose -4 = -3*p + 14. Let q(v) = p*v - 4 - v - 7*v + v. Calculate q(-3).
-1
Let v(j) = j**3 + 8*j**2 - 10*j - 3. Let f be -1*(-60)/(-5) + (7 - 4). What is v(f)?
6
Let f(o) be the second derivative of o**3/6 - 3*o**2 + 19*o. Give f(2).
-4
Suppose 7 + 92 = -11*s. Let q(k) = -k**2 - 10*k - 7. Calculate q(s).
2
Let b(l) = 3*l**3 + 25*l**2 + 17*l - 7. Let k(c) = -c**3 - 12*c**2 - 8*c + 3. Let v(t) = -3*b(t) - 7*k(t). Give v(5).
0
Let i(m) = -5*m**3 - 2*m**2 - 6*m + 8. Let h(v) = -14*v**3 - 5*v**2 - 17*v + 23. Let a(d) = -6*h(d) + 17*i(d). Suppose -82*j - 148 = 180. Calculate a(j).
-2
Let k = -57 - 65. Let i = -132 - k. Let t(a) = a**2 + 11*a + 9. Determine t(i).
-1
Suppose -a + 7*z - 4 = 5*z, 0 = 2*z. Let r(b) = -b**3 - 4*b**2 + 2*b. Give r(a).
-8
Suppose -j - 1 - 1 = 0. Let d be j/2 - (-160 - -3). Let g be d/(-132) - 2/(-11). Let c(w) = -9*w + 1. Determine c(g).
10
Let w = 1000 + -1002. Let h(j) = 3*j**2 + 2*j - 1. What is h(w)?
7
Let l(j) = -7*j + 1. Let x = -368 + 366. Determine l(x).
15
Let p(c) = 4*c**2 - 8*c - 29. Let x(m) = -17*m**2 + 32*m + 123. Let a(v) = -9*p(v) - 2*x(v). Determine a(6).
-9
Let u(l) = -4*l**2 + 37*l - 19. Let x(t) = 3*t**2 - 25*t + 13. Let r = 23 + -28. Let j(z) = r*u(z) - 7*x(z). Give j(-10).
4
Let g(y) = -5*y**2 - y - 1. Suppose 22 = 4*i + 6. Suppose -2*r + 12 = -i*r. Let m(z) = -z**3 - 6*z**2 + z + 5. Let o be m(r). Give g(o).
-5
Suppose 0*f + 88 = 8*f. Suppose -3*y = f + 7. Let q(s) = 4*s - 46. Let b(w) = 3*w - 31. Let n(k) = 7*b(k) - 5*q(k). Determine n(y).
7
Suppose 0 = 2*j - 0*j - 2. Let b(k) = -1. Let s(g) = -g - 4. Let q(f) = j*s(f) - b(f). Calculate q(-3).
0
Let t(a) = a**2 - a - 34. Let l be t(-9). Let r = 52 - l. Let u(w) = -2*w + 4. Calculate u(r).
12
Suppose 4*i + 5 = 5*i. Suppose i*t = -4 - 21. Let y(d) = 7*d**2 - 2*d**3 - 5 + d**3 - 3*d - 12*d**2. Calculate y(t).
10
Suppose -h - 2*h - 11 = w, -2*h + 38 = -5*w. Let j(m) = -8*m - 5. Let q(b) = 15*b + 11. Let i(u) = -11*j(u) - 6*q(u). Determine i(w).
5
Suppose 0 = -5*t + 4*o - 22, -o + 1 = -t - 4. Let a(g) = -2*g**3 - 20*g + 17*g - 4*g**2 + 3 - 5. What is a(t)?
4
Let v(h) = 4*h**2 - 35*h - 34. Let u be v(-1). Let d(k) = -3*k + 11. What is d(u)?
-4
Let n be (0 - 16)*15/(-60). Let z = n + -3. Let j(r) be the first derivative of -9*r**4/4 + 2*r**3/3 - r**2 + r - 10. Determine j(z).
-8
Let n(f) = -6*f**3 + f. Let d = 55 - 57. Let r(l) = l**2 + l - 1. Let v(h) = -h**2 - h + 1. Let w(j) = 5*r(j) + 6*v(j). Let i be w(d). What is n(i)?
5
Let a(r) = -r + 10. Let m be a(3). Let g(z) = z**3 - 5*z**2 - 10*z - 2. Calculate g(m).
26
Let i(k) be the first derivative of k**3/3 + 5*k**2/2 + 4*k + 2. Let q(r) = -19*r - 1. Let p be q(-1). Suppose p = -4*g - 6. Calculate i(g).
10
Let v(i) = 5*i**3 - 16*i**2 + 27*i + 30. Let d(a) = -2*a**3 + 5*a**2 - 9*a - 10. Let r(p) = 8*d(p) + 3*v(p). Determine r(-9).
10
Let c(j) be the third derivative of -j**5/60 - j**4/24 + 3*j**3/2 - 1212*j**2. Suppose 2*d + 2*d = 0. Give c(d).
9
Let k(c) = -107*c - c**2 + 12 + 39*c + 68*c. Give k(-4).
-4
Let g(k) be the first derivative of 0*k**2 - 2*k**3 + 1/4*k**4 - k + 16. What is g(6)?
-1
Let g(c) = 68*c - 34*c - 5 - 33*c + 13 + 22. Calculate g(0).
30
Let w(i) = -16*i - 84. Let g be w(-6). Let n(d) = -4*d + 48. Calculate n(g).
0
Let m(h) = -h**2 + 5*h + 22. Suppose -5*t + 3*x + 35 = 2*x, 0 = -4*x. What is m(t)?
8
Let i(r) = -r**2 - 14*r + 1. Let y be (6/4)/(-1)*112/12. Determine i(y).
1
Let d(a) = -a**2 + 5*a + 5. Let k(v) = -v**2 + 4*v + 4. Let n(t) = 2*d(t) - 3*k(t). Calculate n(0).
-2
Let g(r) = -3*r - 19. Let z be g(-6). Let a(c) = -37*c**3 + c**2 + 2*c + 1. Calculate a(z).
37
Let i(f) = f**3 + 7*f**2 - 8*f + 4. Let m(g) = -g**3 - 15*g**2 + 8*g + 112. Let d be m(-15). What is i(d)?
4
Let q(p) = -4*p**2 + 4*p + 5. Let z(x) = -x**2 + 1. Let r(j) = -2*q(j) + 9*z(j). Determine r(-12).
-49
Let q(o) be the first derivative of 2*o**3/3 + 2*o**2 - o + 26. Let h(y) = 2*y**2 + 6*y - 1. Let u(d) = 3*h(d) - 4*q(d). Calculate u(-1).
-3
Let a(h) be the first derivative of -h**2/2 - h + 2. Let o = 119 + -124. Give a(o).
4
Let g(q) = q**3 - 3*q**2 - 6*q + 1. Suppose -4*a = -20 - 8. Suppose k - 5 - 2 = y, -y = -2*k + 18. Let i = k - a. Determine g(i).
-7
Let m(k) = 4*k + 29 - 33 + k**2 + k. Let c = -6 - -13. Let o = c - 13. Determine m(o).
2
Let z(k) = 1 + 114*k**2 - 225*k**2 - k - 6*k + 110*k**2. Determine z(-5).
11
Let t(l) = -4*l + 2. Let q(w) = -5*w**2 + 3*w + 5. Let x(f) = f**2 - f - 1. Let h(p) = q(p) + 4*x(p). Let b(m) = h(m) - t(m). Determine b(2).
1
Let h(u) = -u**2 - 1. Let d(q) = 5*q + 4*q - 8*q + 3 + 8*q**2. Let n(z) = -d(z) - 3*h(z). Give n(1).
-6
Let m(a) = -4*a - 10. Let v be m(-6). Let d(g) = g**3 - 6*g**2 - 5*g - 5. Let r be d(7). Let y = v - r. Let h(w) = -w + 6. What is h(y)?
1
Let i(v) = -v**3 + 6*v**2 - 2*v - 4. Let y = -242 + 247. Calculate i(y).
11
Let i(r) = 22*r - 1. Let p(y) be the third derivative of 5*y**4/12 + 41*y**3/6 + 16*y**2. Let h be p(-4). Calculate i(h).
21
Let m be -5 + (1 - 6/6)/1. Let h(p) = -6*p - 2. Determine h(m).
28
Suppose -153 = x - d - 162, 0 = 2*x - 4*d - 24. Let c(a) = a - 6. Give c(x).
0
Let p(s) = -s**2 + 9*s + 4*s**3 + 0*s**3 + 11*s - 19*s. What is p(1)?
4
Suppose -26*i + 23*i = 5*n, 5*n + 5*i + 10 = 0. Let p(m) = 2*m**2 + 3*m - 1. What is p(n)?
26
Let y(k) = -k**2 + 8*k - 6. Let i be 1*(-72)/(-6) + -4. Calculate y(i).
-6
Let j be (-55)/66 - 1/6. Let f be j/(4*(-2)/(-24)). Let z(x) = x + 8. Let l(s) = -1. Let g(k) = f*l(k) - z(k). Determine g(-3).
-2
Let o(f) = f**3 - 4*f**2 + 5*f - 2. Let d be o(3). Let x = d + -6. Let g(p) be the second derivative of p**5/20 + p**4/6 + p**3/2 + 3*p**2/2 + 269*p. Give g(x).
-3
Let x(i) = i**2 + 10*i - 9. Let q(t) = t**2 - 15*t - 26. Let c be q(16). Give x(c).
-9
Let i(a) = -a**3 - 5*a**2 - 2*a - 1. Let u be (-4)/10 - 988/130. Let c be u*(-4)/(-8)*1. What is i(c)?
-9
Let f(y) be the first derivative of 2*y**2 + 3*y + 55. Determine f(6).
27
Let n = 195 - 197. Let r(z) = 3*z - 8. Give r(n).
-14
Let q(n) = 5*n - 8. Let j(z) = -5*z + 7. Let r(p) = 3*j(p) + 2*q(p). Let t(u) = -9*u + 10. Let a(d) = -11*r(d) + 6*t(d). Determine a(-8).
-3
Let r = -193 - -192. Let d(b) = 6*b - 2. What is d(r)?
-8
Let w(y) be the second derivative of y**4/12 + y**3 + 5*y**2/2 - 3*y. Let a(o) = o**2 + 16*o + 9. Let h be a(-12). Let g = h - -35. Determine w(g).
-3
Let g(c) = -c**3 - 3*c**2 + 2*c - 5. Suppose -6*v + 19 = -7*v. Suppose -46 = 4*m + 14. Let s = v - m. Give g(s).
3
Let x(h) = -h - 5 - 3 + 2. Suppose 144 = -41*c - 102. What is x(c)?
0
Let m(p) be the third derivative of 0*p - 7/24*p**4 + 0 + 1/60*p**5 - 13*p**2 + p**3. Suppose -2*a = 2*j - 4, 2*a - j + 3 = 19. Determine m(a).
0
Let x(g) be the second derivative of g**4/12 - 5*g**3/3 - g**2 - 303*g. Calculate x(10).
-2
Suppose -26 = 2*d - a + 2, 0 = -3*d - 4*a - 42. Let y(b) = -b**3 - 14*b**2 + 2*b + 18. Give y(d).
-10
Let j be (4/(-10))/((-2)/(-40)). Let v(o) = 14*o**3 - 27*o**2 - 24*o - 32. Let g(r) = 5*r**3 - 9*r**2 - 8*r - 11. Let y(p) = 17*g(p) - 6*v(p). What is y(j)?
5
Let v(n) = 3 - 15*n**2 + 2*n**3 + 4*n + 19*n**2 - 1. Suppose 3*x + 2*x + 10 = 0. Let m be v(x). Let j(b) = -b**3 - 6*b**2 - b + 2. Determine j(m).
8
Let g(c) = -c**3 + 7*c**2 + 7*c + 20. Let t be g(8). Let y(q) = q**2 - 15*q + 7. Calculate y(t).
-29
Let i(h) = -2*h**2 - 4*h - 5. Let z(t) = -t**2 - 3*t - 5. Let w(s) = 2*i(s) - 3*z(s). Give w(4).
-7
Let a(s) = -3*s + 1. Let l be a(-1). Let i be (3/1)/(-3)*l. Let h(x) be the first derivative of -x**2 - 3*x - 2. What is h(i)?
5
Let h(b) = -b**2 + 31*b - 6. Let m(i) = i**2 - 24*i + 6. Let d(v) = -4*h(v) - 5*m(v). Give d(-8).
-38
Suppose 